 and 12?
6
Suppose -35*q + 16*q = -5700. What is the greatest common factor of 60 and q?
60
Suppose -f = -2*v - 19, -f - 2*v = 2*f - 25. Suppose -39*z + 5324 = 7*z - 2*z. What is the highest common divisor of z and f?
11
Let n be 1*3/2*2. Suppose -5*f - 95 = 5*b, -n*b - 5*f - 74 = -15. Let i = 25 + b. What is the highest common factor of 14 and i?
7
Let m(f) = -f**3 - 24*f**2 - 24*f + 31. Let v be m(-23). Calculate the greatest common factor of v and 12.
6
Let l(a) = 9*a**2 - 2*a + 5. Let o be l(-2). Suppose 0*k = -k + 9. Calculate the highest common divisor of k and o.
9
Let p be -1*1 + (-2)/(-1). Let v be p - 1 - -1*6. Suppose 37*w - 12 = 35*w - d, 5*w - 12 = 2*d. Calculate the greatest common factor of w and v.
2
Suppose -6*q + 47*q = 7298. Calculate the greatest common divisor of q and 623.
89
Let v be (-468)/(-21)*(-4 - 15/(-2)). Suppose 5*b = 3*m + 121, b - 17 = -0*b + 3*m. Calculate the greatest common divisor of v and b.
26
Suppose 20 = 2*r + 2*v, 0 = -3*r + 4*v + v + 30. What is the highest common factor of r and 640?
10
Suppose 3*h + m = -25, -5*h + 5*m - 39 = 8*m. Let n be (-3 + 0)*42/h. What is the greatest common divisor of 196 and n?
14
Let b = -191 - -398. Suppose 51 + 41 = r. Suppose 3*l + r = 7*l. What is the highest common divisor of b and l?
23
Let l = -14 + 33. Suppose 6 = 3*o, -2*x + 2*o - 98 = 86. Let u be 1144/30 + 12/x. Calculate the greatest common factor of u and l.
19
Let i(h) = -3*h - 19. Let q be i(-8). Suppose -q*b - 6 = -7*b. Suppose v - 2*v - b = 0, -54 = -5*a + 3*v. What is the highest common factor of 81 and a?
9
Let z = -8 - -11. Suppose -4*b = -12, -17 = -4*i - z*b + 4*b. Suppose -2*v = 3*v - 25. Calculate the highest common divisor of i and v.
5
Let w = 68 - 64. What is the highest common divisor of 14 and w?
2
Let c = -27 - -63. Let s = 28 + c. What is the highest common factor of s and 32?
32
Let w be (1 - -4) + (-15)/5. Suppose g - 567 = -w*g. What is the greatest common factor of g and 21?
21
Suppose 5*h + 204 = 1049. Let p = h + -61. Calculate the highest common factor of 12 and p.
12
Suppose -b = 5*v - 658, -5*v + 1100 = -b + 438. What is the highest common divisor of 36 and v?
12
Let c(f) = -f**2 - 9*f - 10. Let u be (-26)/4 - (-2)/4. Let h be c(u). Let l(y) = 2*y - 4. Let s be l(h). Calculate the greatest common factor of 24 and s.
12
Let c be (12/(-9))/((-10)/(-6) - 2). Suppose 4*i + 5*l = 7*i - 24, c*l = 3*i - 27. What is the highest common divisor of 91 and i?
13
Let x = -187 + 199. Calculate the highest common factor of 3288 and x.
12
Let x = -366 - -418. What is the highest common factor of x and 442?
26
Suppose -2*d + d = -96. Let m(u) = 16*u**2 + 9*u + 5. Let j be m(-1). Calculate the greatest common factor of d and j.
12
Suppose 5*m - 663 = 192. Let d = m + -96. Suppose 5*w - 25 = d. Calculate the greatest common divisor of w and 30.
10
Let r = -99 + 107. Let a be 8/(-2) - (3 + -5). Let k be (4/3)/(a/(-36)). What is the greatest common divisor of k and r?
8
Suppose 4*m = 8*m + 152. Let s = 87 + m. Let v be 3 + (s + -1)/3. What is the greatest common factor of 171 and v?
19
Let g = -112 + 165. Suppose 51*u - g*u = -210. Calculate the greatest common divisor of 21 and u.
21
Let r be 117/(-27) - (-1)/3. Let j be ((-3)/(-1))/(r/(-8)). Suppose -4*s + 9 = -3*n, -3*s - 2*n = -2 - 9. What is the highest common factor of j and s?
3
Let a(s) = -2*s**2 + 30*s + 40. Let k be a(16). Suppose -3*q + 100 = 3*c - 2*c, -4*c - 144 = -5*q. What is the highest common divisor of q and k?
8
Let k = 530 - 490. What is the greatest common factor of 760 and k?
40
Suppose 3*j = a - 2*a + 76, -2*j + 74 = a. Calculate the greatest common divisor of 250 and a.
10
Let v(y) = y**3 - 2*y**2 + 2*y - 3. Let x(s) = -s + 6. Let t be x(2). Let g be v(t). What is the highest common factor of g and 333?
37
Suppose -8*v = -1607 - 2793. Calculate the greatest common divisor of v and 150.
50
Let o(d) = 44*d**2 - 2. Let f be o(1). Calculate the greatest common divisor of f and 462.
42
Suppose -71 = -3*n + 49. What is the greatest common factor of n and 16?
8
Let u(f) = -16*f + 88. Let q be u(-17). What is the greatest common divisor of q and 40?
40
Let d be ((-13)/4)/((-12)/144) - -1. Calculate the greatest common factor of 128 and d.
8
Let c(i) = 20*i**3 - i**2 + 4*i - 2. Let q be c(2). What is the highest common factor of q and 90?
18
Suppose -5*m - 2*z + 19 = 0, 4*z - 21 = -5*m + z. Suppose 0 = -m*f - 5*x + 69, -5*f + 3*x = -0*x - 81. Calculate the highest common factor of 12 and f.
6
Suppose 5*c - 4*c = x + 37, -4*x + 139 = 3*c. Calculate the greatest common factor of 246 and c.
41
Suppose 76 = 32*g - 372. Calculate the highest common factor of g and 42.
14
Suppose 1 = 3*q - 101. Let g = -17 + q. What is the greatest common divisor of g and 187?
17
Let f = -5 - -31. Suppose -5*m + 11 = -3*l + 221, 4*l = m + 263. What is the greatest common divisor of l and f?
13
Let j(r) = r**2 + 15*r + 33. Let i be j(-11). Suppose l = -5*w + 81, -2*l - 2*l + 18 = 2*w. Let f = w + i. Calculate the highest common divisor of 24 and f.
6
Suppose -4*p - 24 = -7*p. What is the highest common factor of p and 12?
4
Let q(m) = m**3 + 5*m**2 - 1. Let i be q(-2). Suppose -18 + 370 = 4*o. Calculate the greatest common factor of i and o.
11
Let g(p) = 2*p + 2. Let n be g(-2). Let a(b) = 1 + 0*b - 3 - 5*b. Let r be a(n). Calculate the highest common factor of 56 and r.
8
Let q(d) = 16*d**3 + d**2 + 2*d - 2. Let k be q(1). Let i = 89 - k. Calculate the greatest common divisor of 9 and i.
9
Let b = 424 + -418. Calculate the greatest common factor of 192 and b.
6
Suppose t - 11 = s, -4*t - 9*s = -10*s - 38. Calculate the highest common factor of 225 and t.
9
Let j = -16 + 18. Suppose 3*f + 4 = j*g - f, -4*g + f = -36. Let s be (-3)/(-3*2)*g. What is the highest common divisor of s and 1?
1
Suppose 0 = -x + 2 - 4, m = x + 47. Let s = m - 28. Calculate the greatest common factor of 119 and s.
17
Suppose 2*i - 4*i - 5*z = -37, 0 = 4*i - 2*z - 62. Suppose h + i = 97. Let j = h - -45. Calculate the highest common divisor of 14 and j.
14
Let l(b) = b**2 + b + 3. Let q be l(3). Let k be (q - 16)/((-1)/9). Calculate the highest common factor of k and 27.
9
Suppose 0 = 2*t + 2*u + 2*u + 116, -u = -1. Let j = t - -34. Let h = j + 29. What is the greatest common factor of 3 and h?
3
Let s(i) = -2*i + 57. Suppose 9*b - 18*b = -72. Let g be s(b). Calculate the highest common divisor of g and 41.
41
Let s = -103 - -158. Let x(u) = -4*u - 1. Let z be x(-3). Calculate the highest common divisor of z and s.
11
Let f be (0 + (-12)/24)*-22. Calculate the greatest common divisor of f and 1771.
11
Let j = 9 - 4. Suppose 7*s - 3*s - 96 = 4*l, 93 = j*s + 4*l. Calculate the greatest common factor of s and 3.
3
Suppose 48*n = 31*n + 170. Let q = 15 - 9. What is the greatest common divisor of n and q?
2
Let m = 5 + 5. Let n be 10/(-4 + 42/9). Calculate the greatest common divisor of m and n.
5
Let z be -16*(-6)/(-9)*-3. Calculate the highest common divisor of 32 and z.
32
Let o(n) = -n - 3. Let a be o(-8). Suppose 2*c + q = 17, -10*c - q = -15*c + 53. What is the greatest common divisor of a and c?
5
Suppose -3*d + 5*b + 42 = -128, 5*d - 308 = -4*b. Suppose 0 = -5*y + 4*y - 3. Let m be (y - (3 - 1))/(2/(-6)). Calculate the greatest common divisor of m and d.
15
Let a(t) = 7*t + 26. Let m be a(-14). Let o be (-526)/(-18) + 16/m. Calculate the highest common factor of o and 261.
29
Suppose -7*i + 4*i = -51. Let t = 57 - i. What is the greatest common factor of 120 and t?
40
Suppose -6 = -2*n - 0*n. Suppose -o - n*o + 48 = 0. Suppose 0 = q - 2*c - 28, 0*c + 3*c - o = 0. What is the greatest common factor of q and 9?
9
Let i be 3/1*346/6. Suppose 0 = 2*h - 5*o - 193, h = -h + o + i. What is the highest common factor of 28 and h?
28
Let g be 2*(-21)/6 + 24 + 70. What is the highest common divisor of 493 and g?
29
Suppose 5*h - 586 = 9. Let z be -2*8/12 + 237/9 + -8. Calculate the greatest common factor of h and z.
17
Let z be 2/9 - 1278/(-81). Let u = 31 - z. Suppose d + 3 = x - 5, -4*x + 5 = 5*d. Calculate the greatest common divisor of u and x.
5
Suppose -3*m + 18 = v - 26, 3*m - 24 = 3*v. Let a(s) = s**2 + 19*s + 25. Let k be a(m). Calculate the greatest common factor of k and 49.
49
L